{"id":27,"date":"2019-09-28T00:08:33","date_gmt":"2019-09-27T22:08:33","guid":{"rendered":"http:\/\/wordpress1994626.home.pl\/autoinstalator\/wordpressplus2\/?page_id=27"},"modified":"2020-11-16T20:57:35","modified_gmt":"2020-11-16T19:57:35","slug":"szkolenia-indywidualne","status":"publish","type":"page","link":"https:\/\/mamabehawiorysta.pl\/index.php\/szkolenia-indywidualne\/","title":{"rendered":"Szkolenia indywidualne"},"content":{"rendered":"\n<p><br>Pracujemy nad nauk\u0105 psiego pos\u0142usze\u0144stwa, jednocze\u015bnie skupiamy si\u0119 na budowaniu prawid\u0142owej relacji i nauce komunikacji. <\/p>\n\n\n\n<p>Cz\u0119sto szkolenie indywidualne jest kontynuacj\u0105 zaj\u0119\u0107 po konsultacji behawioralnej.<\/p>\n\n\n\n<p>Najpierw spotykamy si\u0119 u Was w domu, nast\u0119pnie w Waszej okolicy. P\u00f3\u017aniej dodajemy kolejne utrudnienie, czyli spotkania w parku na Bemowie. Gdy jest taka potrzeba wykorzystuj\u0119 pomoc mojego labradora Vito.<br><br>Zapraszam r\u00f3wnie\u017c na <strong>zaj\u0119cia ze szczeniakami<\/strong>. Pracujemy nad socjalizacj\u0105 maluszk\u00f3w, od pocz\u0105tku wprowadzamy zasady, aby w przysz\u0142o\u015bci unikn\u0105\u0107 problem\u00f3w behawioralnych.<\/p>\n\n\n\n<figure class=\"wp-block-image\"><img loading=\"lazy\" decoding=\"async\" width=\"1024\" height=\"1024\" src=\"http:\/\/mamabehawiorysta.pl\/wp-content\/uploads\/2020\/11\/Tesla-1024x1024.jpg\" alt=\"\" class=\"wp-image-139\" srcset=\"https:\/\/mamabehawiorysta.pl\/wp-content\/uploads\/2020\/11\/Tesla-1024x1024.jpg 1024w, https:\/\/mamabehawiorysta.pl\/wp-content\/uploads\/2020\/11\/Tesla-150x150.jpg 150w, https:\/\/mamabehawiorysta.pl\/wp-content\/uploads\/2020\/11\/Tesla-300x300.jpg 300w, https:\/\/mamabehawiorysta.pl\/wp-content\/uploads\/2020\/11\/Tesla-768x768.jpg 768w, https:\/\/mamabehawiorysta.pl\/wp-content\/uploads\/2020\/11\/Tesla.jpg 1368w\" sizes=\"auto, (max-width: 1024px) 100vw, 1024px\" \/><\/figure>\n","protected":false},"excerpt":{"rendered":"<p>Pracujemy nad nauk\u0105 psiego pos\u0142usze\u0144stwa, jednocze\u015bnie skupiamy si\u0119 na budowaniu prawid\u0142owej relacji i nauce komunikacji. Cz\u0119sto szkolenie indywidualne jest kontynuacj\u0105 zaj\u0119\u0107 po konsultacji behawioralnej. Najpierw spotykamy si\u0119 u Was w domu, nast\u0119pnie w Waszej okolicy. P\u00f3\u017aniej dodajemy kolejne utrudnienie, czyli spotkania w parku na Bemowie. Gdy jest taka potrzeba wykorzystuj\u0119 pomoc mojego labradora Vito. Zapraszam [&hellip;]<\/p>\n","protected":false},"author":1,"featured_media":0,"parent":0,"menu_order":0,"comment_status":"closed","ping_status":"closed","template":"","meta":{"footnotes":""},"class_list":["post-27","page","type-page","status-publish","hentry"],"_links":{"self":[{"href":"https:\/\/mamabehawiorysta.pl\/index.php\/wp-json\/wp\/v2\/pages\/27","targetHints":{"allow":["GET"]}}],"collection":[{"href":"https:\/\/mamabehawiorysta.pl\/index.php\/wp-json\/wp\/v2\/pages"}],"about":[{"href":"https:\/\/mamabehawiorysta.pl\/index.php\/wp-json\/wp\/v2\/types\/page"}],"author":[{"embeddable":true,"href":"https:\/\/mamabehawiorysta.pl\/index.php\/wp-json\/wp\/v2\/users\/1"}],"replies":[{"embeddable":true,"href":"https:\/\/mamabehawiorysta.pl\/index.php\/wp-json\/wp\/v2\/comments?post=27"}],"version-history":[{"count":9,"href":"https:\/\/mamabehawiorysta.pl\/index.php\/wp-json\/wp\/v2\/pages\/27\/revisions"}],"predecessor-version":[{"id":140,"href":"https:\/\/mamabehawiorysta.pl\/index.php\/wp-json\/wp\/v2\/pages\/27\/revisions\/140"}],"wp:attachment":[{"href":"https:\/\/mamabehawiorysta.pl\/index.php\/wp-json\/wp\/v2\/media?parent=27"}],"curies":[{"name":"wp","href":"https:\/\/api.w.org\/{rel}","templated":true}]}}